{"id":7301,"date":"2023-07-13T20:40:26","date_gmt":"2023-07-13T23:40:26","guid":{"rendered":"http:\/\/pc5.frbb.utn.edu.ar\/frbb\/?page_id=7301"},"modified":"2025-09-18T19:36:12","modified_gmt":"2025-09-18T22:36:12","slug":"concursos-docentes","status":"publish","type":"page","link":"https:\/\/www.frbb.utn.edu.ar\/frbb\/concursos-docentes\/","title":{"rendered":"Concursos Docentes"},"content":{"rendered":"\t\t<div data-elementor-type=\"wp-page\" data-elementor-id=\"7301\" class=\"elementor elementor-7301\">\n\t\t\t\t\t\t<section class=\"elementor-section elementor-top-section elementor-element elementor-element-45e8966 elementor-section-boxed elementor-section-height-default elementor-section-height-default\" data-id=\"45e8966\" data-element_type=\"section\">\n\t\t\t\t\t\t<div class=\"elementor-container elementor-column-gap-default\">\n\t\t\t\t\t<div class=\"elementor-column elementor-col-50 elementor-top-column elementor-element elementor-element-e13357f\" data-id=\"e13357f\" data-element_type=\"column\">\n\t\t\t<div class=\"elementor-widget-wrap elementor-element-populated\">\n\t\t\t\t\t\t<div class=\"elementor-element elementor-element-956e872 elementor-widget elementor-widget-heading\" data-id=\"956e872\" data-element_type=\"widget\" data-widget_type=\"heading.default\">\n\t\t\t\t<div class=\"elementor-widget-container\">\n\t\t\t<style>\/*! elementor - v3.23.0 - 05-08-2024 *\/\n.elementor-heading-title{padding:0;margin:0;line-height:1}.elementor-widget-heading .elementor-heading-title[class*=elementor-size-]>a{color:inherit;font-size:inherit;line-height:inherit}.elementor-widget-heading .elementor-heading-title.elementor-size-small{font-size:15px}.elementor-widget-heading .elementor-heading-title.elementor-size-medium{font-size:19px}.elementor-widget-heading .elementor-heading-title.elementor-size-large{font-size:29px}.elementor-widget-heading .elementor-heading-title.elementor-size-xl{font-size:39px}.elementor-widget-heading .elementor-heading-title.elementor-size-xxl{font-size:59px}<\/style><h2 class=\"elementor-heading-title elementor-size-default\">Llamados a Concursos Docentes de Otras Facultades Regionales<\/h2>\t\t<\/div>\n\t\t\t\t<\/div>\n\t\t\t\t<div class=\"elementor-element elementor-element-8ff2b58 elementor-align-left elementor-widget__width-initial elementor-widget elementor-widget-button\" data-id=\"8ff2b58\" data-element_type=\"widget\" data-widget_type=\"button.default\">\n\t\t\t\t<div class=\"elementor-widget-container\">\n\t\t\t\t\t<div class=\"elementor-button-wrapper\">\n\t\t\t<a class=\"elementor-button elementor-button-link elementor-size-sm\" href=\"\/frbb\/concursos-otras-regionales\/\">\n\t\t\t\t\t\t<span class=\"elementor-button-content-wrapper\">\n\t\t\t\t\t\t\t\t\t<span class=\"elementor-button-text\">VER CONCURSOS<\/span>\n\t\t\t\t\t<\/span>\n\t\t\t\t\t<\/a>\n\t\t<\/div>\n\t\t\t\t<\/div>\n\t\t\t\t<\/div>\n\t\t\t\t<div class=\"elementor-element elementor-element-b3b4cdb elementor-grid-eael-col-2 elementor-grid-tablet-eael-col-2 elementor-grid-mobile-eael-col-1 elementor-widget elementor-widget-eael-post-grid\" data-id=\"b3b4cdb\" data-element_type=\"widget\" data-settings=\"{&quot;eael_post_grid_columns&quot;:&quot;eael-col-2&quot;,&quot;eael_post_grid_columns_tablet&quot;:&quot;eael-col-2&quot;,&quot;eael_post_grid_columns_mobile&quot;:&quot;eael-col-1&quot;}\" data-widget_type=\"eael-post-grid.default\">\n\t\t\t\t<div class=\"elementor-widget-container\">\n\t\t\t<div id=\"eael-post-grid-b3b4cdb\" class=\"eael-post-grid-container\">\n            <div class=\"eael-post-grid eael-post-appender eael-post-appender-b3b4cdb eael-post-grid-style-two\" data-layout-mode=\"grid\"><article class=\"eael-grid-post eael-post-grid-column\" data-id=\"14613\">\n        <div class=\"eael-grid-post-holder\">\n            <div class=\"eael-grid-post-holder-inner\"><div class=\"eael-entry-wrapper\"><header class=\"eael-entry-header\"><h4 class=\"eael-entry-title\"><a\n                                    class=\"eael-grid-post-link\"\n                                    href=\"https:\/\/www.frbb.utn.edu.ar\/frbb\/concursos-docentes\/profesor-adj-quimica-general-ds\/\"\n                                    title=\"Profesor Adj- An\u00e1lisis Matem\u00e1tico I &#8211; DS\">Profesor Adj- An\u00e1lisis Matem\u00e1tico I &#8211; DS<\/a><\/h4><\/header><div class=\"eael-entry-content\">\n                                    <div class=\"eael-grid-post-excerpt\"><p>RESOLUCI\u00d3N N\u00ba 78\/26 EL DECANO DE LA FACULTAD REGIONAL BAH\u00cdA BLANCA R E S U E L V E Llamar en la Facultad Regional Bah\u00eda Blanca de la Universidad Tecnol\u00f3gica...<\/p><\/div>\n                                <\/div><div class=\"eael-entry-header-after style-two\"><div class=\"eael-entry-meta\"><span class=\"eael-meta-posted-on\"><i class=\"far fa-clock\"><\/i><time datetime=\"13 febrero, 2026\">13 febrero, 2026<\/time><\/span><\/div><\/div><\/div><\/div>\n        <\/div>\n    <\/article><article class=\"eael-grid-post eael-post-grid-column\" data-id=\"23665\">\n        <div class=\"eael-grid-post-holder\">\n            <div class=\"eael-grid-post-holder-inner\"><div class=\"eael-entry-wrapper\"><header class=\"eael-entry-header\"><h4 class=\"eael-entry-title\"><a\n                                    class=\"eael-grid-post-link\"\n                                    href=\"https:\/\/www.frbb.utn.edu.ar\/frbb\/concursos-docentes\/atp-1-ingles-i-ds\/\"\n                                    title=\"Profesor Adj. &#8211; Ingl\u00e9s I &#8211; DS ( 2 cursos)\">Profesor Adj. &#8211; Ingl\u00e9s I &#8211; DS ( 2 cursos)<\/a><\/h4><\/header><div class=\"eael-entry-content\">\n                                    <div class=\"eael-grid-post-excerpt\"><p>RESOLUCI\u00d3N N\u00ba 77\/26 EL CONSEJO DIRECTIVO DE LA FACULTAD REGIONAL BAH\u00cdA BLANCA R E S U E L V E Llamar en la Facultad Regional Bah\u00eda Blanca de la UTN,...<\/p><\/div>\n                                <\/div><div class=\"eael-entry-header-after style-two\"><div class=\"eael-entry-meta\"><span class=\"eael-meta-posted-on\"><i class=\"far fa-clock\"><\/i><time datetime=\"13 febrero, 2026\">13 febrero, 2026<\/time><\/span><\/div><\/div><\/div><\/div>\n        <\/div>\n    <\/article><article class=\"eael-grid-post eael-post-grid-column\" data-id=\"10502\">\n        <div class=\"eael-grid-post-holder\">\n            <div class=\"eael-grid-post-holder-inner\"><div class=\"eael-entry-wrapper\"><header class=\"eael-entry-header\"><h4 class=\"eael-entry-title\"><a\n                                    class=\"eael-grid-post-link\"\n                                    href=\"https:\/\/www.frbb.utn.edu.ar\/frbb\/concursos-docentes\/atp-1-fundamentos-de-informatica-ds\/\"\n                                    title=\"Profesor Adj. \u2013 Sistemas de Control \u2013 DE\">Profesor Adj. \u2013 Sistemas de Control \u2013 DE<\/a><\/h4><\/header><div class=\"eael-entry-content\">\n                                    <div class=\"eael-grid-post-excerpt\"><p>RESOLUCI\u00d3N N\u00ba 79\/26 EL CONSEJO DIRECTIVO DE LA FACULTAD REGIONAL BAH\u00cdA BLANCA R E S U E L V E Llamar en la Facultad Regional Bah\u00eda Blanca de la UTN,...<\/p><\/div>\n                                <\/div><div class=\"eael-entry-header-after style-two\"><div class=\"eael-entry-meta\"><span class=\"eael-meta-posted-on\"><i class=\"far fa-clock\"><\/i><time datetime=\"13 febrero, 2026\">13 febrero, 2026<\/time><\/span><\/div><\/div><\/div><\/div>\n        <\/div>\n    <\/article><\/div>\n            <div class=\"clearfix\"><\/div>\n        <\/div>\t\t<\/div>\n\t\t\t\t<\/div>\n\t\t\t\t\t<\/div>\n\t\t<\/div>\n\t\t\t\t<div class=\"elementor-column elementor-col-50 elementor-top-column elementor-element elementor-element-cd0821c\" data-id=\"cd0821c\" data-element_type=\"column\">\n\t\t\t<div class=\"elementor-widget-wrap elementor-element-populated\">\n\t\t\t\t\t\t<div class=\"elementor-element elementor-element-01af1ce elementor-widget elementor-widget-html\" data-id=\"01af1ce\" data-element_type=\"widget\" data-widget_type=\"html.default\">\n\t\t\t\t<div class=\"elementor-widget-container\">\n\t\t\t    <div class=\"menu\">\r\n    <p><span><i class=\"fa fa-file-text-o\"><\/i><\/span> N\u00f3mina de Inscriptos<\/p>\r\n        <ul>\r\n            <li class=\"item-479\"><a href=\"\/frbb\/institucional\/sacad\/concursos-docentes\/nomina-de-inscriptos\"> <span style=\" font-weight:700\"> N\u00f3mina de inscriptos a concursos<\/span><\/a><\/li>\r\n    \r\n        <\/ul>\r\n      <p><span><i class=\"fa fa-file-text-o\"><\/i><\/span> normativa<\/p>\r\n      <ul>\r\n        <li><a href=\"\/frbb\/info\/secretarias\/academica\/docentes\/concursos_docentes\/normativa\/res1435.pdf\"> Ordenanza N\u00ba 1435-1 (Modificaci\u00f3n parcial ordenanzas N\u00ba 1181 y 1273)<\/a><\/li>\r\n            <li><a href=\"\/frbb\/info\/secretarias\/academica\/docentes\/concursos_docentes\/normativa\/1539.pdf\"> Ordenanza 1539 \"Lineamientos para la designaci\u00f3n de Docentes de Laboratorio\"<\/a><\/li>\r\n            <li class=\"item-479\"><a href=\"http:\/\/csu.rec.utn.edu.ar\/docs\/php\/salida.php3?tipo=ORD&amp;numero=964&amp;anio=0&amp;facultad=CSU\"> Ordenanza 964 Lineamientos para la designaci\u00f3n de docentes con dedicaci\u00f3n exclusiva<\/a><\/li>\r\n            <li><a href=\"\/frbb\/info\/secretarias\/academica\/docentes\/concursos_docentes\/normativa\/ord-1273-concursos-profesores.pdf\">Ordenanza 1273 - Concurso Profesores <\/a><\/li>\r\n            <li><a href=\"\/frbb\/info\/secretarias\/academica\/docentes\/concursos_docentes\/normativa\/ord-1181-concursos-auxiliares.pdf\">Ordenanza 1181 - Concurso Auxiliares <\/a><\/li>\r\n            <li><a href=\"\/frbb\/info\/secretarias\/academica\/docentes\/concursos_docentes\/normativa\/ord-1346-lineamientos-concursos-prof.pdf\">Ord. 1346 - Lineamientos Concursos Prof. <\/a><\/li>\r\n        <\/ul>\r\n        <div style=\"padding-bottom:15px\"><\/div>\r\n        <p><span><i class=\"fa fa-file-text-o\"><\/i><\/span> DOCUMENTACI\u00d3N A PRESENTAR<\/p>\r\n        <ul>\r\n          <li class=\"item-479\"><a href=\"\/frbb\/info\/secretarias\/academica\/docentes\/concursos_docentes\/normativa\/documentacion_concurso_profesores_y_ayudantes.pdf\"> Documentaci\u00f3n Concursos de Profesores y Auxiliares <\/a><\/li>\r\n            \r\n        <\/ul>\r\n        <div style=\"padding-bottom:15px\"><\/div>\r\n        <p><span><i class=\"fa fa-file-text-o\"><\/i><\/span> formularios<\/p>\r\n        <ul>\r\n            <li class=\"item-479\"><a href=\"\/frbb\/info\/secretarias\/academica\/docentes\/concursos_docentes\/solicitud-inscripcion-profesores.doc\"> Nota Solicitud Inscripci\u00f3n Profesores<\/a><\/li>\r\n            <li class=\"item-479\"><a href=\"\/frbb\/info\/secretarias\/academica\/docentes\/concursos_docentes\/solicitud-inscripcion-auxiliares.doc\"> Nota Solicitud Inscripci\u00f3n Auxiliares<\/a><\/li>\r\n        <\/ul>\r\n        <div style=\"padding-bottom:15px\"><\/div>\r\n        \r\n    <\/div><\/div>\r\n\t\t<\/div>\r\n\t<\/div><\/div>\t\t<\/div>\n\t\t\t\t<\/div>\n\t\t\t\t\t<\/div>\n\t\t<\/div>\n\t\t\t\t\t<\/div>\n\t\t<\/section>\n\t\t\t\t<\/div>\n\t\t","protected":false},"excerpt":{"rendered":"<p>Llamados a Concursos Docentes de Otras Facultades Regionales VER CONCURSOS ATP 1\u00b0 &#8211; \u00c1lgebra y Geometr\u00eda Anal\u00edtica &#8211; DS RESOLUCI\u00d3N N\u00ba 407\/25 EL CONSEJO DIRECTIVO DE LA FACULTAD REGIONAL BAH\u00cdA BLANCA R E S U E L V E Llamar en la Facultad Regional Bah\u00eda Blanca de la Universidad&#8230; 8 septiembre, 2025 ATP 1\u00b0 2 &hellip;<\/p>\n<p class=\"read-more\"> <a class=\"\" href=\"https:\/\/www.frbb.utn.edu.ar\/frbb\/concursos-docentes\/atp-1-fundamentos-de-informatica-ds\/\"> <span class=\"screen-reader-text\">Profesor Adj. \u2013 Sistemas de Control \u2013 DE<\/span> Leer m\u00e1s &raquo;<\/a><\/p>\n","protected":false},"author":3,"featured_media":0,"parent":0,"menu_order":0,"comment_status":"closed","ping_status":"closed","template":"elementor_header_footer","meta":{"site-sidebar-layout":"no-sidebar","site-content-layout":"page-builder","ast-site-content-layout":"","site-content-style":"default","site-sidebar-style":"default","ast-global-header-display":"","ast-banner-title-visibility":"","ast-main-header-display":"","ast-hfb-above-header-display":"","ast-hfb-below-header-display":"","ast-hfb-mobile-header-display":"","site-post-title":"disabled","ast-breadcrumbs-content":"","ast-featured-img":"disabled","footer-sml-layout":"","theme-transparent-header-meta":"","adv-header-id-meta":"","stick-header-meta":"","header-above-stick-meta":"","header-main-stick-meta":"","header-below-stick-meta":"","astra-migrate-meta-layouts":"","ast-page-background-enabled":"default","ast-page-background-meta":{"desktop":{"background-color":"","background-image":"","background-repeat":"repeat","background-position":"center center","background-size":"auto","background-attachment":"scroll","background-type":"","background-media":"","overlay-type":"","overlay-color":"","overlay-gradient":""},"tablet":{"background-color":"","background-image":"","background-repeat":"repeat","background-position":"center center","background-size":"auto","background-attachment":"scroll","background-type":"","background-media":"","overlay-type":"","overlay-color":"","overlay-gradient":""},"mobile":{"background-color":"","background-image":"","background-repeat":"repeat","background-position":"center center","background-size":"auto","background-attachment":"scroll","background-type":"","background-media":"","overlay-type":"","overlay-color":"","overlay-gradient":""}},"ast-content-background-meta":{"desktop":{"background-color":"var(--ast-global-color-5)","background-image":"","background-repeat":"repeat","background-position":"center center","background-size":"auto","background-attachment":"scroll","background-type":"","background-media":"","overlay-type":"","overlay-color":"","overlay-gradient":""},"tablet":{"background-color":"var(--ast-global-color-5)","background-image":"","background-repeat":"repeat","background-position":"center center","background-size":"auto","background-attachment":"scroll","background-type":"","background-media":"","overlay-type":"","overlay-color":"","overlay-gradient":""},"mobile":{"background-color":"var(--ast-global-color-5)","background-image":"","background-repeat":"repeat","background-position":"center center","background-size":"auto","background-attachment":"scroll","background-type":"","background-media":"","overlay-type":"","overlay-color":"","overlay-gradient":""}},"footnotes":""},"class_list":["post-7301","page","type-page","status-publish","hentry"],"_links":{"self":[{"href":"https:\/\/www.frbb.utn.edu.ar\/frbb\/wp-json\/wp\/v2\/pages\/7301"}],"collection":[{"href":"https:\/\/www.frbb.utn.edu.ar\/frbb\/wp-json\/wp\/v2\/pages"}],"about":[{"href":"https:\/\/www.frbb.utn.edu.ar\/frbb\/wp-json\/wp\/v2\/types\/page"}],"author":[{"embeddable":true,"href":"https:\/\/www.frbb.utn.edu.ar\/frbb\/wp-json\/wp\/v2\/users\/3"}],"replies":[{"embeddable":true,"href":"https:\/\/www.frbb.utn.edu.ar\/frbb\/wp-json\/wp\/v2\/comments?post=7301"}],"version-history":[{"count":0,"href":"https:\/\/www.frbb.utn.edu.ar\/frbb\/wp-json\/wp\/v2\/pages\/7301\/revisions"}],"wp:attachment":[{"href":"https:\/\/www.frbb.utn.edu.ar\/frbb\/wp-json\/wp\/v2\/media?parent=7301"}],"curies":[{"name":"wp","href":"https:\/\/api.w.org\/{rel}","templated":true}]}}